{"id":949,"date":"2022-07-11T11:46:19","date_gmt":"2022-07-11T16:46:19","guid":{"rendered":"http:\/\/vaporautode.com\/?post_type=product&#038;p=949"},"modified":"2022-07-11T15:43:17","modified_gmt":"2022-07-11T20:43:17","slug":"v-rain-50-ml","status":"publish","type":"product","link":"https:\/\/vaporautode.com\/index.php\/producto\/v-rain-50-ml\/","title":{"rendered":"V-Rain 50 Ml."},"content":{"rendered":"<p>Vonixx V-Rain, es un coating cer\u00e1mico para vidrios que ofrece una soluci\u00f3n todo de protecci\u00f3n para los vidrios del veh\u00edculo.<\/p>\n<p>El producto forma una capa similar al vidrio, el\u00e1stica, transparente y resistente. Desarrollado exclusivamente para los vidrios de los veh\u00edculos, especialmente, parabrisas. V-Rain genera un acabado totalmente hidr\u00f3fobo em momentos de lluvia, facilitando la \u00f3ptima visibilidad, principalmente en velocidades superiores a los 65km\/h. Adicionalmente, este producto da una alta protecci\u00f3n a los vidrios evitando marcas y\/o manchas de lluvia \u00e1cida, dejando los vidrios siempre cristalinos, facilitando la limpieza.<\/p>\n","protected":false},"excerpt":{"rendered":"<p>V-Rain 50 Ml.<\/p>\n","protected":false},"featured_media":958,"comment_status":"closed","ping_status":"closed","template":"","meta":{"om_disable_all_campaigns":false,"_monsterinsights_skip_tracking":false,"_monsterinsights_sitenote_active":false,"_monsterinsights_sitenote_note":"","_monsterinsights_sitenote_category":0,"site-sidebar-layout":"default","site-content-layout":"default","ast-global-header-display":"","ast-main-header-display":"","ast-hfb-above-header-display":"","ast-hfb-below-header-display":"","ast-hfb-mobile-header-display":"","site-post-title":"","ast-breadcrumbs-content":"","ast-featured-img":"","footer-sml-layout":"","theme-transparent-header-meta":"default","adv-header-id-meta":"","stick-header-meta":"","header-above-stick-meta":"","header-main-stick-meta":"","header-below-stick-meta":""},"product_cat":[20],"product_tag":[35,36,30,22],"_links":{"self":[{"href":"https:\/\/vaporautode.com\/index.php\/wp-json\/wp\/v2\/product\/949"}],"collection":[{"href":"https:\/\/vaporautode.com\/index.php\/wp-json\/wp\/v2\/product"}],"about":[{"href":"https:\/\/vaporautode.com\/index.php\/wp-json\/wp\/v2\/types\/product"}],"replies":[{"embeddable":true,"href":"https:\/\/vaporautode.com\/index.php\/wp-json\/wp\/v2\/comments?post=949"}],"wp:featuredmedia":[{"embeddable":true,"href":"https:\/\/vaporautode.com\/index.php\/wp-json\/wp\/v2\/media\/958"}],"wp:attachment":[{"href":"https:\/\/vaporautode.com\/index.php\/wp-json\/wp\/v2\/media?parent=949"}],"wp:term":[{"taxonomy":"product_cat","embeddable":true,"href":"https:\/\/vaporautode.com\/index.php\/wp-json\/wp\/v2\/product_cat?post=949"},{"taxonomy":"product_tag","embeddable":true,"href":"https:\/\/vaporautode.com\/index.php\/wp-json\/wp\/v2\/product_tag?post=949"}],"curies":[{"name":"wp","href":"https:\/\/api.w.org\/{rel}","templated":true}]}}