{"id":964,"date":"2022-07-11T16:26:18","date_gmt":"2022-07-11T21:26:18","guid":{"rendered":"http:\/\/vaporautode.com\/?post_type=product&#038;p=964"},"modified":"2022-07-11T16:43:47","modified_gmt":"2022-07-11T21:43:47","slug":"carnauba-tok-final-500-ml","status":"publish","type":"product","link":"https:\/\/vaporautode.com\/index.php\/producto\/carnauba-tok-final-500-ml\/","title":{"rendered":"Carnauba Tok Final 500 ml."},"content":{"rendered":"<p>Carnauba Tok Final, es una cera de mantenimiento en spray, se desarroll\u00f3 con la cera de carnauba m\u00e1s pura de Brasil y los pol\u00edmeros de \u00faltima generaci\u00f3n, que protegen y mejoran el brillo de las pinturas para autom\u00f3viles. Es ideal para mantener la protecci\u00f3n de la pintura del veh\u00edculo entre lavadas. Se puede aplicar a cualquier parte del veh\u00edculo, incluidas ventanas, parachoques y gomas.<\/p>\n<p>Listo para usar.<\/p>\n<p>Duraci\u00f3n: hasta 30 d\u00edas de protecci\u00f3n.<\/p>\n<p>Libre de abrasivos.<\/p>\n","protected":false},"excerpt":{"rendered":"<p>Carnauba Tok Final 500 ml.<\/p>\n","protected":false},"featured_media":965,"comment_status":"closed","ping_status":"closed","template":"","meta":{"om_disable_all_campaigns":false,"_monsterinsights_skip_tracking":false,"_monsterinsights_sitenote_active":false,"_monsterinsights_sitenote_note":"","_monsterinsights_sitenote_category":0,"site-sidebar-layout":"default","site-content-layout":"default","ast-global-header-display":"","ast-main-header-display":"","ast-hfb-above-header-display":"","ast-hfb-below-header-display":"","ast-hfb-mobile-header-display":"","site-post-title":"","ast-breadcrumbs-content":"","ast-featured-img":"","footer-sml-layout":"","theme-transparent-header-meta":"default","adv-header-id-meta":"","stick-header-meta":"","header-above-stick-meta":"","header-main-stick-meta":"","header-below-stick-meta":""},"product_cat":[20],"product_tag":[40,38,39,30,22],"_links":{"self":[{"href":"https:\/\/vaporautode.com\/index.php\/wp-json\/wp\/v2\/product\/964"}],"collection":[{"href":"https:\/\/vaporautode.com\/index.php\/wp-json\/wp\/v2\/product"}],"about":[{"href":"https:\/\/vaporautode.com\/index.php\/wp-json\/wp\/v2\/types\/product"}],"replies":[{"embeddable":true,"href":"https:\/\/vaporautode.com\/index.php\/wp-json\/wp\/v2\/comments?post=964"}],"wp:featuredmedia":[{"embeddable":true,"href":"https:\/\/vaporautode.com\/index.php\/wp-json\/wp\/v2\/media\/965"}],"wp:attachment":[{"href":"https:\/\/vaporautode.com\/index.php\/wp-json\/wp\/v2\/media?parent=964"}],"wp:term":[{"taxonomy":"product_cat","embeddable":true,"href":"https:\/\/vaporautode.com\/index.php\/wp-json\/wp\/v2\/product_cat?post=964"},{"taxonomy":"product_tag","embeddable":true,"href":"https:\/\/vaporautode.com\/index.php\/wp-json\/wp\/v2\/product_tag?post=964"}],"curies":[{"name":"wp","href":"https:\/\/api.w.org\/{rel}","templated":true}]}}