{"id":968,"date":"2022-07-11T17:07:56","date_gmt":"2022-07-11T22:07:56","guid":{"rendered":"http:\/\/vaporautode.com\/?post_type=product&#038;p=968"},"modified":"2022-07-11T18:01:57","modified_gmt":"2022-07-11T23:01:57","slug":"pulidor-de-corte-rapido","status":"publish","type":"product","link":"https:\/\/vaporautode.com\/index.php\/producto\/pulidor-de-corte-rapido\/","title":{"rendered":"Pulidor de corte r\u00e1pido"},"content":{"rendered":"<p>El pulidor de corte r\u00e1pido Vonixx fue especialmente desarrollado para eliminar marcas finas y microdiscos, su f\u00f3rmula permite un corte r\u00e1pido, promoviendo un excelente acabado.<\/p>\n<p>El producto no contiene siliconas y se puede usar de manera segura en el acabado de autom\u00f3viles. La pulidora de corte r\u00e1pido debe aplicarse con una gorra de lana agresiva o una gorra de espuma agresiva adaptada a una pulidora a una velocidad entre 1,600 y 2,000 rpm. Pulir en un \u00e1rea que no exceda los 50x50cm aplicando presi\u00f3n moderada y planch\u00e1ndolo sobre las piezas. Use una toalla de microfibra para terminar la pieza.<\/p>\n","protected":false},"excerpt":{"rendered":"<h3>Pulidor de corte r\u00e1pido<\/h3>\n","protected":false},"featured_media":969,"comment_status":"closed","ping_status":"closed","template":"","meta":{"om_disable_all_campaigns":false,"_monsterinsights_skip_tracking":false,"_monsterinsights_sitenote_active":false,"_monsterinsights_sitenote_note":"","_monsterinsights_sitenote_category":0,"site-sidebar-layout":"default","site-content-layout":"default","ast-global-header-display":"","ast-main-header-display":"","ast-hfb-above-header-display":"","ast-hfb-below-header-display":"","ast-hfb-mobile-header-display":"","site-post-title":"","ast-breadcrumbs-content":"","ast-featured-img":"","footer-sml-layout":"","theme-transparent-header-meta":"default","adv-header-id-meta":"","stick-header-meta":"","header-above-stick-meta":"","header-main-stick-meta":"","header-below-stick-meta":""},"product_cat":[20],"product_tag":[38,39,41,30,22,42],"_links":{"self":[{"href":"https:\/\/vaporautode.com\/index.php\/wp-json\/wp\/v2\/product\/968"}],"collection":[{"href":"https:\/\/vaporautode.com\/index.php\/wp-json\/wp\/v2\/product"}],"about":[{"href":"https:\/\/vaporautode.com\/index.php\/wp-json\/wp\/v2\/types\/product"}],"replies":[{"embeddable":true,"href":"https:\/\/vaporautode.com\/index.php\/wp-json\/wp\/v2\/comments?post=968"}],"wp:featuredmedia":[{"embeddable":true,"href":"https:\/\/vaporautode.com\/index.php\/wp-json\/wp\/v2\/media\/969"}],"wp:attachment":[{"href":"https:\/\/vaporautode.com\/index.php\/wp-json\/wp\/v2\/media?parent=968"}],"wp:term":[{"taxonomy":"product_cat","embeddable":true,"href":"https:\/\/vaporautode.com\/index.php\/wp-json\/wp\/v2\/product_cat?post=968"},{"taxonomy":"product_tag","embeddable":true,"href":"https:\/\/vaporautode.com\/index.php\/wp-json\/wp\/v2\/product_tag?post=968"}],"curies":[{"name":"wp","href":"https:\/\/api.w.org\/{rel}","templated":true}]}}