{"id":986,"date":"2022-07-12T16:07:56","date_gmt":"2022-07-12T21:07:56","guid":{"rendered":"http:\/\/vaporautode.com\/?post_type=product&#038;p=986"},"modified":"2022-07-12T16:15:05","modified_gmt":"2022-07-12T21:15:05","slug":"v-floc","status":"publish","type":"product","link":"https:\/\/vaporautode.com\/index.php\/producto\/v-floc\/","title":{"rendered":"V-Floc"},"content":{"rendered":"<div id=\"description\" class=\"tab-pane in active\">\n<div class=\"product-description\">\n<div class=\"rte-content\">\n<div class=\"description\">\n<div>\n<p><strong>Vonixx V-Floc Champ\u00fa<\/strong> hace que el lavado del coche sea sencillo y eficiente. Formulado con agentes tensoactivos y acondicionadores ofrece un alto grado de lubricaci\u00f3n, especialmente \u00fatil en superficies delicadas, y reduce las posibilidades de micro ara\u00f1azos en la pintura.<\/p>\n<p>Revitaliza y realza el brillo de la pintura y sus propiedades equilibradas de PH neutro limpian y acondicionan sin afectar a superficies delicadas<\/p>\n<p>Instrucciones de uso:<\/p>\n<ol>\n<li>Prelavado\u00a0del veh\u00edculo para eliminar el exceso de suciedad.<\/li>\n<li>Diluir aproximadamente 10ml de V-FLOC en 4 litros de agua. Se recomienda ajustar la cantidad seg\u00fan el nivel de suciedad<\/li>\n<li>Con un guante de microfibra, lavar el veh\u00edculo, comenzando por la parte superior y repetir sumergiendo el guante en la soluci\u00f3n y frotando suavemente hasta que el veh\u00edculo est\u00e9 completo.<\/li>\n<li>Finalmente enjuagar hasta quitar todo el producto, y utilizar una toalla de microfibra para el secado<\/li>\n<\/ol>\n<\/div>\n<\/div>\n<p>&nbsp;<\/p>\n<p>&nbsp;<\/p>\n<p>&nbsp;<\/p>\n<\/div>\n<\/div>\n<\/div>\n","protected":false},"excerpt":{"rendered":"<h3>V-Floc<\/h3>\n","protected":false},"featured_media":987,"comment_status":"closed","ping_status":"closed","template":"","meta":{"om_disable_all_campaigns":false,"_monsterinsights_skip_tracking":false,"_monsterinsights_sitenote_active":false,"_monsterinsights_sitenote_note":"","_monsterinsights_sitenote_category":0,"site-sidebar-layout":"default","site-content-layout":"default","ast-global-header-display":"","ast-main-header-display":"","ast-hfb-above-header-display":"","ast-hfb-below-header-display":"","ast-hfb-mobile-header-display":"","site-post-title":"","ast-breadcrumbs-content":"","ast-featured-img":"","footer-sml-layout":"","theme-transparent-header-meta":"default","adv-header-id-meta":"","stick-header-meta":"","header-above-stick-meta":"","header-main-stick-meta":"","header-below-stick-meta":""},"product_cat":[20],"product_tag":[63,65,64,30,22],"_links":{"self":[{"href":"https:\/\/vaporautode.com\/index.php\/wp-json\/wp\/v2\/product\/986"}],"collection":[{"href":"https:\/\/vaporautode.com\/index.php\/wp-json\/wp\/v2\/product"}],"about":[{"href":"https:\/\/vaporautode.com\/index.php\/wp-json\/wp\/v2\/types\/product"}],"replies":[{"embeddable":true,"href":"https:\/\/vaporautode.com\/index.php\/wp-json\/wp\/v2\/comments?post=986"}],"wp:featuredmedia":[{"embeddable":true,"href":"https:\/\/vaporautode.com\/index.php\/wp-json\/wp\/v2\/media\/987"}],"wp:attachment":[{"href":"https:\/\/vaporautode.com\/index.php\/wp-json\/wp\/v2\/media?parent=986"}],"wp:term":[{"taxonomy":"product_cat","embeddable":true,"href":"https:\/\/vaporautode.com\/index.php\/wp-json\/wp\/v2\/product_cat?post=986"},{"taxonomy":"product_tag","embeddable":true,"href":"https:\/\/vaporautode.com\/index.php\/wp-json\/wp\/v2\/product_tag?post=986"}],"curies":[{"name":"wp","href":"https:\/\/api.w.org\/{rel}","templated":true}]}}